{"id":7,"date":"2020-08-26T09:31:03","date_gmt":"2020-08-26T09:31:03","guid":{"rendered":"http:\/\/gksgolf.is\/?page_id=7"},"modified":"2021-03-19T20:04:21","modified_gmt":"2021-03-19T20:04:21","slug":"about","status":"publish","type":"page","link":"http:\/\/gksgolf.is\/?page_id=7","title":{"rendered":"Um Golfkl\u00fabb Siglufjar\u00f0ar"},"content":{"rendered":"\n<p>Golfkl\u00fabbur Siglufjar\u00f0ar (GKS) var stofna\u00f0ur 19. j\u00fal\u00ed 1970.<\/p>\n\n\n\n<p>Helstu frumkv\u00f6\u00f0lar a\u00f0 stofnun hans voru Gissur \u00d3. Erlingssson og Hafli\u00f0i Gu\u00f0mundsson. Kl\u00fabburinn kom s\u00e9r upp litlum 6 holu velli \u00e1 stofn\u00e1rinu. Hann var flj\u00f3tlega st\u00e6kka\u00f0ur \u00ed 9 holur en styttur aftur \u00ed 6 holur um 1987.<\/p>\n\n\n\n<p>\u00c1ri\u00f0 1997 var H\u00f3lsv\u00f6llur tekinn \u00ed notkun.<\/p>\n\n\n\n<p>\u00c1ri\u00f0 2017 \u00fe\u00e1 var n\u00faverandi v\u00f6llur tekinn \u00ed notkun. Hann heitir Sigl\u00f3Golf.<\/p>\n\n\n\n<p>Fyrsta opna m\u00f3t kl\u00fabbsins f\u00f3r fram sumari\u00f0 1971 og fyrsta meistaram\u00f3ti\u00f0 \u00ed karlaflokki \u00e1ri\u00f0 1977.<\/p>\n\n\n\n<p>\u00d3v\u00edst er hvort m\u00f3ti\u00f0 var haldi\u00f0 \u00e1rin 1980 &#8211; 1983 og \u00e1rin 1987 &#8211; 1993 var ekki keppt vegna vallara\u00f0st\u00e6\u00f0na.<\/p>\n\n\n\n<p>Hin s\u00ed\u00f0ari \u00e1r hefur m\u00f3thald kl\u00fabbsins eflst mj\u00f6g.<\/p>\n\n\n\n<p>[Heimild: Alfr\u00e6\u00f0ib\u00f3kin um golf A-\u00d6, Dr. Ingimar J\u00f3nsson (2003)]<\/p>\n","protected":false},"excerpt":{"rendered":"<p>Golfkl\u00fabbur Siglufjar\u00f0ar (GKS) var stofna\u00f0ur 19. j\u00fal\u00ed 1970. Helstu frumkv\u00f6\u00f0lar a\u00f0 stofnun hans voru Gissur \u00d3. Erlingssson og Hafli\u00f0i Gu\u00f0mundsson. Kl\u00fabburinn kom s\u00e9r upp litlum 6 holu velli \u00e1 stofn\u00e1rinu. Hann var flj\u00f3tlega st\u00e6kka\u00f0ur \u00ed 9 holur en styttur aftur \u00ed 6 holur um 1987. \u00c1ri\u00f0 1997 var H\u00f3lsv\u00f6llur tekinn \u00ed notkun. \u00c1ri\u00f0 2017 \u00fe\u00e1 [&hellip;]<\/p>\n","protected":false},"author":1,"featured_media":0,"parent":0,"menu_order":0,"comment_status":"closed","ping_status":"closed","template":"","meta":[],"_links":{"self":[{"href":"http:\/\/gksgolf.is\/index.php?rest_route=\/wp\/v2\/pages\/7"}],"collection":[{"href":"http:\/\/gksgolf.is\/index.php?rest_route=\/wp\/v2\/pages"}],"about":[{"href":"http:\/\/gksgolf.is\/index.php?rest_route=\/wp\/v2\/types\/page"}],"author":[{"embeddable":true,"href":"http:\/\/gksgolf.is\/index.php?rest_route=\/wp\/v2\/users\/1"}],"replies":[{"embeddable":true,"href":"http:\/\/gksgolf.is\/index.php?rest_route=%2Fwp%2Fv2%2Fcomments&post=7"}],"version-history":[{"count":2,"href":"http:\/\/gksgolf.is\/index.php?rest_route=\/wp\/v2\/pages\/7\/revisions"}],"predecessor-version":[{"id":32,"href":"http:\/\/gksgolf.is\/index.php?rest_route=\/wp\/v2\/pages\/7\/revisions\/32"}],"wp:attachment":[{"href":"http:\/\/gksgolf.is\/index.php?rest_route=%2Fwp%2Fv2%2Fmedia&parent=7"}],"curies":[{"name":"wp","href":"https:\/\/api.w.org\/{rel}","templated":true}]}}